{"id":715,"date":"2015-03-11T11:04:58","date_gmt":"2015-03-11T11:04:58","guid":{"rendered":"http:\/\/www.bibliotecadeverin.es\/?page_id=715"},"modified":"2015-11-10T15:48:28","modified_gmt":"2015-11-10T15:48:28","slug":"d-jose-garcia-barbon","status":"publish","type":"page","link":"https:\/\/www.bibliotecadeverin.es\/?page_id=715","title":{"rendered":"D. Jos\u00e9 Garc\u00eda Barb\u00f3n"},"content":{"rendered":"<div id=\"attachment_713\" class=\"wp-caption alignleft\" style=\"width: 150px\"><a href=\"http:\/\/bibliotecadeverin.es\/wp-content\/uploads\/2015\/02\/Jos\u00e9_Garc\u00eda_Barb\u00f3n.jpg\"><img loading=\"lazy\" decoding=\"async\" class=\"size-thumbnail wp-image-713\" src=\"http:\/\/bibliotecadeverin.es\/wp-content\/uploads\/2015\/02\/Jos\u00e9_Garc\u00eda_Barb\u00f3n-150x150.jpg\" alt=\"D. Jos\u00e9 Garc\u00eda Barb\u00f3n\" width=\"150\" height=\"150\" \/><\/a><p class=\"wp-caption-text\">D. Jos\u00e9 Garc\u00eda Barb\u00f3n<\/p><\/div>\n<p style=\"text-align: justify;\"><strong>D. Jos\u00e9 Garc\u00eda Barb\u00f3n<\/strong> (Ver\u00edn 30 de marzo de 1831 &#8211; Vigo 7 de marzo de 1909) .<br \/> Destacado empresario e fil\u00e1ntropo nacido na vila do T\u00e1mega que emigrou a Cuba, onde alcanzou o \u00e9xito nos negocios, fundando o seu propio banco. Voltou a s\u00faa terra natal por motivos de sa\u00fade, e fundou o Hotel de Cabreiro\u00e1 e Electra Ver\u00edn. Despois de dez anos, decidiu establecerse en Vigo coa s\u00faa irm\u00e1 e os seus catro sobri\u00f1os.<br \/> (m\u00e1is info. D. Jos\u00e9 Garc\u00eda Barb\u00f3n e o Colexio La Salle de Ver\u00edn no centenario da s\u00faa fundaci\u00f3n (1895-1995)\u201d do autor Xerardo Dasairas Valsa).<\/p>\n","protected":false},"excerpt":{"rendered":"<p>D. Jos\u00e9 Garc\u00eda Barb\u00f3n (Ver\u00edn 30 de marzo de 1831 &#8211; Vigo 7 de marzo de 1909) . Destacado empresario e fil\u00e1ntropo nacido na&#8230; &nbsp; <a href=\"https:\/\/www.bibliotecadeverin.es\/?page_id=715\" class=\"moretag\">Ler m\u00e1is<\/a><\/p>\n","protected":false},"author":4,"featured_media":0,"parent":0,"menu_order":0,"comment_status":"closed","ping_status":"closed","template":"","meta":{"footnotes":""},"class_list":["post-715","page","type-page","status-publish","hentry"],"_links":{"self":[{"href":"https:\/\/www.bibliotecadeverin.es\/index.php?rest_route=\/wp\/v2\/pages\/715","targetHints":{"allow":["GET"]}}],"collection":[{"href":"https:\/\/www.bibliotecadeverin.es\/index.php?rest_route=\/wp\/v2\/pages"}],"about":[{"href":"https:\/\/www.bibliotecadeverin.es\/index.php?rest_route=\/wp\/v2\/types\/page"}],"author":[{"embeddable":true,"href":"https:\/\/www.bibliotecadeverin.es\/index.php?rest_route=\/wp\/v2\/users\/4"}],"replies":[{"embeddable":true,"href":"https:\/\/www.bibliotecadeverin.es\/index.php?rest_route=%2Fwp%2Fv2%2Fcomments&post=715"}],"version-history":[{"count":5,"href":"https:\/\/www.bibliotecadeverin.es\/index.php?rest_route=\/wp\/v2\/pages\/715\/revisions"}],"predecessor-version":[{"id":1430,"href":"https:\/\/www.bibliotecadeverin.es\/index.php?rest_route=\/wp\/v2\/pages\/715\/revisions\/1430"}],"wp:attachment":[{"href":"https:\/\/www.bibliotecadeverin.es\/index.php?rest_route=%2Fwp%2Fv2%2Fmedia&parent=715"}],"curies":[{"name":"wp","href":"https:\/\/api.w.org\/{rel}","templated":true}]}}

D. José García Barbón

<div id="attachment_713" class="wp-caption alignleft" style="width: 150px"><a href="http://bibliotecadeverin.es/wp-content/uploads/2015/02/José_García_Barbón.jpg"><img loading="lazy" decoding="async" class="size-thumbnail wp-image-713" src="http://bibliotecadeverin.es/wp-content/uploads/2015/02/José_García_Barbón-150x150.jpg" alt="D. José García Barbón" width="150" height="150" /></a><p class="wp-caption-text">D. José García Barbón</p></div>
<p style="text-align: justify;"><strong>D. José García Barbón</strong> (Verín 30 de marzo de 1831 &#8211; Vigo 7 de marzo de 1909) .<br /> Destacado empresario e filántropo nacido na vila do Támega que emigrou a Cuba, onde alcanzou o éxito nos negocios, fundando o seu propio banco. Voltou a súa terra natal por motivos de saúde, e fundou o Hotel de Cabreiroá e Electra Verín. Despois de dez anos, decidiu establecerse en Vigo coa súa irmá e os seus catro sobriños.<br /> (máis info. D. José García Barbón e o Colexio La Salle de Verín no centenario da súa fundación (1895-1995)” do autor Xerardo Dasairas Valsa).</p>

<p>D. José García Barbón (Verín 30 de marzo de 1831 &#8211; Vigo 7 de marzo de 1909) . Destacado empresario e filántropo nacido na&#8230; &nbsp; <a href="https://www.bibliotecadeverin.es/?page_id=715" class="moretag">Ler máis</a></p>
