{"id":514,"date":"2015-03-04T00:08:43","date_gmt":"2015-03-04T00:08:43","guid":{"rendered":"http:\/\/www.bibliotecadeverin.es\/?page_id=514"},"modified":"2017-08-18T16:58:12","modified_gmt":"2017-08-18T16:58:12","slug":"reconecemento-pola-animacion-a-lectura","status":"publish","type":"page","link":"https:\/\/www.bibliotecadeverin.es\/?page_id=514","title":{"rendered":"Reco\u00f1ecemento pola animaci\u00f3n \u00e1 lectura"},"content":{"rendered":"<div id=\"attachment_672\" class=\"wp-caption alignleft\" style=\"width: 150px\"><a href=\"http:\/\/bibliotecadeverin.es\/wp-content\/uploads\/2015\/03\/UNESCO-COR.jpg\" target=\"_blank\" rel=\"_blank\"><img loading=\"lazy\" decoding=\"async\" class=\"wp-image-672 size-thumbnail\" src=\"http:\/\/bibliotecadeverin.es\/wp-content\/uploads\/2015\/03\/UNESCO-COR-150x150.jpg\" alt=\"Certificaci\u00f3n UNESCO\" width=\"150\" height=\"150\" \/><\/a><p class=\"wp-caption-text\">Certificaci\u00f3n UNESCO: Unesco Network of Associated Libraries\u201d, \u00e9 decir: membro da Rede de Bibliotecas UNESCO<\/p><\/div>\n<ul>\n<li><strong>CERTIFICACI\u00d3N\u00a0 UNESCO.<\/strong><\/li>\n<\/ul>\n<p>A Biblioteca do Concello de Ver\u00edn, foi nomeada en 2011, \u201c<strong>Unesco Network of Associated Libraries<\/strong>\u201d, \u00e9 decir: membro da Rede de Bibliotecas <strong>UNESCO<\/strong>, polo que se certifica que a nosa biblioteca cumpre todos os principios de Fomento da Lectura, Desenrolo da Cultura, Solidariedade-Voluntariado, e Cooperaci\u00f3n con distintas entidades (Colexios, Asociaci\u00f3ns, etc&#8230;), tal e como indican as bases da Organizaci\u00f3n das Naci\u00f3ns Unidas para a Educaci\u00f3n a Ciencia e a Cultura, para poder adherirse a esta Rede de Bibliotecas. Este reco\u00f1ecemento consideramolo unha gran honra pero tam\u00e9n unha responsabilidade, porque valorouse moito o traballo levado a cabo para o Fomento da Lectura e o Traballo realizado cos\/as nenos\/as Voluntarios\/as que prestan unha labor eloxiable para a dinamizaci\u00f3n cultural de outros\/as rapaces\/zas m\u00e1is pequenos\/as.<\/p>\n<hr \/>\n<p>&nbsp;<\/p>\n<ul style=\"list-style-type: disc;\">\n<li><strong>Distinci\u00f3n co galard\u00f3n do \u00abAlto Patrocinio do Parlamento Europeo. (Nov. 2016)<\/strong><\/li>\n<\/ul>\n<p><a href=\"http:\/\/bibliotecadeverin.es\/wp-content\/uploads\/2016\/11\/cartel-do-acto-web.jpg\" target=\"_blank\"><img loading=\"lazy\" decoding=\"async\" class=\"alignleft wp-image-1676 size-thumbnail\" src=\"http:\/\/bibliotecadeverin.es\/wp-content\/uploads\/2016\/11\/cartel-do-acto-web-150x150.jpg\" alt=\"cartel-do-acto-web\" width=\"150\" height=\"150\" \/><\/a><\/p>\n<p><strong><em>Martin Schulz, Presidente del Parlamento Europeo, notificoulle a concesi\u00f3n deste galard\u00f3n.<\/em><\/strong><\/p>\n<p><strong><em>\u00a0<\/em><\/strong>A Biblioteca do Concello de Ver\u00edn acadou en Novembro de 2016 o <strong>Alto Patrocinio do Parlamento Europeo<\/strong>, polo seu proxecto de Voluntariado Cultural en Xoves, galard\u00f3n polo cal o Presidente do Parlamento avala un proxecto, apoiando unha iniciativa e prestando a imaxe desta instituci\u00f3n Europea.<\/p>\n<p>Este galard\u00f3n conc\u00e9dese a un n\u00famero moi determinado de entidades ao cabo do ano, (por exemplo a Capilla Real de Madrid, ou a Exposici\u00f3n Cidades de Europa do Concello de Tres Cantos, no noso pa\u00eds), onde se valora a calidade do proxecto, a s\u00faa repercusi\u00f3n na sociedade, a integraci\u00f3n social e ter dimensi\u00f3n europea. As\u00ed mesmo tal e coma reza o pliego de condici\u00f3ns, prestarase unha especial atenci\u00f3n, aspecto onde destacou o proxecto da nosa iniciativa, aqueles actos ou proxectos onde participen rapaces novos ou con destino a estes.<\/p>\n<p>Ademais o Presidente do Parlamento Europeo Martin Schulz, remarca na s\u00faa carta \u00e1 Biblioteca de Ver\u00edn a alegr\u00eda de premiar un proxecto de Voluntariado de rapaces, combinado co eido cultural e onde arenga a nosa instituci\u00f3n a seguir na senda do Fomento da Lectura entre as novas xeraci\u00f3ns, en post unha sociedade informada e cultivada intelectualmente.<\/p>\n<p>Deste xeito o pasado 5 de Decembro, celebrouse o acto do D\u00eda Voluntariado na Biblioteca do Concello de Ver\u00edn, que prestar\u00e1 tributo aos Voluntarios desta instituci\u00f3n, tendo ao Parlamento Europeo coma entidade de maior rango avalando e sendo mecenas moral deste proxecto.<\/p>\n<p>Imaxes: <a href=\"https:\/\/www.facebook.com\/bibliotecadeverin\/photos\/pcb.1236375989773476\/1236346276443114\/?type=3&amp;theater\" target=\"_blank\">https:\/\/www.facebook.com\/bibliotecadeverin\/photos\/pcb.1236375989773476\/1236346276443114\/?type=3&amp;theater<\/a><\/p>\n<hr \/>\n<ul>\n<li><strong>Distinci\u00f3n co galard\u00f3n do \u00abAlto Patrocinio do Parlamento Europeo, pola actividade de contacontos e manualidades na localidade portuguesa de Cimo de Vila da Castinheira. (Maio. 2017).<\/strong><\/li>\n<\/ul>\n<p><a href=\"http:\/\/bibliotecadeverin.es\/wp-content\/uploads\/2017\/05\/cartel-17-de-maio.jpg\" target=\"_blank\"><img loading=\"lazy\" decoding=\"async\" class=\"alignleft wp-image-1815 size-medium\" src=\"http:\/\/bibliotecadeverin.es\/wp-content\/uploads\/2017\/05\/cartel-17-de-maio-300x132.jpg\" alt=\"cartel 17 de maio\" width=\"300\" height=\"132\" srcset=\"https:\/\/www.bibliotecadeverin.es\/wp-content\/uploads\/2017\/05\/cartel-17-de-maio-300x132.jpg 300w, https:\/\/www.bibliotecadeverin.es\/wp-content\/uploads\/2017\/05\/cartel-17-de-maio.jpg 950w\" sizes=\"auto, (max-width: 300px) 100vw, 300px\" \/><\/a>Esta actividade foi premiada co galard\u00f3n do <strong>ALTO PATROCINIO DO PARLAMENTO EUROPEO<\/strong>, \u00a0polo mesm\u00edsimo presidente do Parlamento Europeo, o <strong>Sr. D. Antonio Tajani<\/strong>, quen comunicou por carta, \u00a0que: &lt;&lt;<em>a organizaci\u00f3n destes actos, ilustra a nivel local, o que \u00e9 precisamente a Uni\u00f3n Europea, un continente onde as persoas est\u00e1n unidas pola s\u00faa diversidade cultural, e que a promoci\u00f3n da literatura galega e a diversidade ling\u00fc\u00edstica, \u00e9 o xeito de estreitar relaci\u00f3ns e cooperaci\u00f3ns transfronterizas entre nenos e xoves dos dous pa\u00edses<\/em>&gt;&gt;.<\/p>\n<p>Carta do Presidente do Parlamento Europeo, Sr. D. Antonio Tajani (<a href=\"http:\/\/bibliotecadeverin.es\/wp-content\/uploads\/2017\/07\/Carta-PRESIDENTE-PARLAMENTO-EUROPEO-ANTONIO-TAJANI.pdf\" target=\"_blank\">ver m\u00e1is<\/a>)<\/p>\n<p>Imaxes: <a href=\"https:\/\/www.flickr.com\/photos\/130891676@N04\/albums\/72157684014544375\" target=\"_blank\">https:\/\/www.flickr.com\/photos\/130891676@N04\/albums\/72157684014544375<\/a><\/p>\n<p>V\u00eddeo da actividade (<a href=\"https:\/\/www.youtube.com\/watch?v=7x04pv8y_rM\" target=\"_blank\">ver m\u00e1is<\/a>)<\/p>\n<hr \/>\n<div id=\"attachment_674\" class=\"wp-caption alignleft\" style=\"width: 150px\"><a href=\"http:\/\/bibliotecadeverin.es\/wp-content\/uploads\/2015\/03\/premio-maria-moliner.jpg\" target=\"_blank\"><img loading=\"lazy\" decoding=\"async\" class=\"wp-image-674 size-thumbnail\" src=\"http:\/\/bibliotecadeverin.es\/wp-content\/uploads\/2015\/03\/premio-maria-moliner-150x150.jpg\" alt=\"premio-maria-moliner\" width=\"150\" height=\"150\" \/><\/a><p class=\"wp-caption-text\">Premio Mar\u00eda Moliner<\/p><\/div>\n<ul>\n<li><strong>PREMIO\u00a0 MAR\u00cdA\u00a0 MOLINER<\/strong>.<\/li>\n<\/ul>\n<p>A Biblioteca P\u00fablica Municipal do Concello de Ver\u00edn, foi Premiada por 6\u00ba ANO CONSECUTIVO (2008, 2009, 2010, 2011, 2012, 2014, 2016) no <strong>Premio Mar\u00eda Moliner de Animaci\u00f3n a la Lectura que organiza o Ministerio de Cultura (<a href=\"http:\/\/www.mecd.gob.es\/cultura-mecd\/areas-cultura\/libro\/mc\/pfl\/campana-maria-moliner\/presentacion.html\" target=\"_blank\">ver web<\/a>).<\/strong> (no ano 2013 e 2015 non foi convocado o Premio Mar\u00eda Moliner).<\/p>\n<p>&nbsp;<\/p>\n<p>&nbsp;<\/p>\n<hr \/>\n<div id=\"attachment_675\" class=\"wp-caption alignleft\" style=\"width: 150px\"><a href=\"http:\/\/www.federacioneditores.org\/\" target=\"_blank\"><img loading=\"lazy\" decoding=\"async\" class=\"wp-image-675 size-thumbnail\" src=\"http:\/\/bibliotecadeverin.es\/wp-content\/uploads\/2015\/03\/fge-150x82.jpg\" alt=\"fge\" width=\"150\" height=\"82\" \/><\/a><p class=\"wp-caption-text\">MELLOR INICIATIVA DE ESPA\u00d1A AO FOMENTO DA LECTURA 2011, seg\u00fan a Federaci\u00f3n de Gremios de Editores de Espa\u00f1a.<\/p><\/div>\n<ul>\n<li><strong>MELLOR INICIATIVA DE ESPA\u00d1A AO FOMENTO DA LECTURA 2011<\/strong><\/li>\n<\/ul>\n<p>A\u00a0 FGEE , premia \u00e1 Biblioteca de Ver\u00edn como Mellor iniciativa de Espa\u00f1a ao fomento da Lectura para Bibliotecas P\u00fablicas 2011. Ver\u00edn, 09 de setembro de 2011. (<a href=\"http:\/\/bibliotecadeverin.es\/wp-content\/uploads\/2015\/03\/Nota-Prensa-Concello-Verin-9-Setembro-2011.pdf\" target=\"_blank\">PDF<\/a>) A Federaci\u00f3n de Gremios de Editores de Espa\u00f1a concedeu \u00e1 Biblioteca P\u00fablica Municipal de Ver\u00edn o premio \u00e1 Mellor Iniciativa ao Fomento da Lectura para Bibliotecas P\u00fablicas 2011, polo seu traballo no \u00e1mbito do fomento \u00e1 lectura e o conxunto de actividades realizadas pola mesma, entre as que se incl\u00faen voluntariado cultural, aprendizaxe en idades temper\u00e1s ou alfabetizaci\u00f3n dixital. (<a href=\"http:\/\/www.federacioneditores.org\/0_Resources\/Documentos\/NP_XPremios_Fomento_Lectura.pdf\" target=\"_blank\">Ler m\u00e1is<\/a>)<\/p>\n<p>&nbsp;<\/p>\n<hr \/>\n<div id=\"attachment_724\" class=\"wp-caption alignleft\" style=\"width: 150px\"><a href=\"http:\/\/bibliotecadeverin.es\/wp-content\/uploads\/2015\/03\/Fundacion-A3.jpg\" target=\"_blank\"><img loading=\"lazy\" decoding=\"async\" class=\"wp-image-724 size-full\" src=\"http:\/\/bibliotecadeverin.es\/wp-content\/uploads\/2015\/03\/Fundacion-A3.jpg\" alt=\"Fundacion-A3\" width=\"150\" height=\"150\" \/><\/a><p class=\"wp-caption-text\">Premio da Fundaci\u00f3n Antena 3, \u00e1 Biblioteca de Ver\u00edn<\/p><\/div>\n<ul>\n<li><strong>PREMIO DA FUNDACI\u00d3N\u00a0 ANTENA 3\u00a0 POLA LABOR C\u00d3S\/AS VOLUNTARIOS\/AS 2010<\/strong>.<\/li>\n<\/ul>\n<p>A Fundaci\u00f3n Antena 3\u00a0 premiou \u00e1 Biblioteca de Ver\u00edn e os\/as seus\/s\u00faas Voluntarios\/as pola labor de voluntariado que levaron a cabo para o fomento da lectura. \u00a0 \u00a0<\/p>\n<div id=\"attachment_726\" class=\"wp-caption alignleft\" style=\"width: 150px\"><a href=\"http:\/\/bibliotecadeverin.es\/wp-content\/uploads\/2015\/03\/visita-Antena-3.jpg\" target=\"_blank\"><img loading=\"lazy\" decoding=\"async\" class=\"wp-image-726 size-thumbnail\" src=\"http:\/\/bibliotecadeverin.es\/wp-content\/uploads\/2015\/03\/visita-Antena-3-150x150.jpg\" alt=\"visita-Antena-3\" width=\"150\" height=\"150\" \/><\/a><p class=\"wp-caption-text\">Imaxe da recepci\u00f3n e visita dos\/as Voluntarios\/as a Antena 3<\/p><\/div>\n<p><a href=\"https:\/\/es-es.facebook.com\/video\/video.php?v=1878066479955\" target=\"_blank\">Ver V\u00eddeo de Susana Gato e Andrea Duro<\/a><\/p>\n","protected":false},"excerpt":{"rendered":"<p>CERTIFICACI\u00d3N\u00a0 UNESCO. A Biblioteca do Concello de Ver\u00edn, foi nomeada en 2011, \u201cUnesco Network of Associated Libraries\u201d, \u00e9 decir: membro da Rede de Bibliotecas&#8230; &nbsp; <a href=\"https:\/\/www.bibliotecadeverin.es\/?page_id=514\" class=\"moretag\">Ler m\u00e1is<\/a><\/p>\n","protected":false},"author":1,"featured_media":0,"parent":0,"menu_order":0,"comment_status":"closed","ping_status":"closed","template":"","meta":{"footnotes":""},"class_list":["post-514","page","type-page","status-publish","hentry"],"_links":{"self":[{"href":"https:\/\/www.bibliotecadeverin.es\/index.php?rest_route=\/wp\/v2\/pages\/514","targetHints":{"allow":["GET"]}}],"collection":[{"href":"https:\/\/www.bibliotecadeverin.es\/index.php?rest_route=\/wp\/v2\/pages"}],"about":[{"href":"https:\/\/www.bibliotecadeverin.es\/index.php?rest_route=\/wp\/v2\/types\/page"}],"author":[{"embeddable":true,"href":"https:\/\/www.bibliotecadeverin.es\/index.php?rest_route=\/wp\/v2\/users\/1"}],"replies":[{"embeddable":true,"href":"https:\/\/www.bibliotecadeverin.es\/index.php?rest_route=%2Fwp%2Fv2%2Fcomments&post=514"}],"version-history":[{"count":5,"href":"https:\/\/www.bibliotecadeverin.es\/index.php?rest_route=\/wp\/v2\/pages\/514\/revisions"}],"predecessor-version":[{"id":1891,"href":"https:\/\/www.bibliotecadeverin.es\/index.php?rest_route=\/wp\/v2\/pages\/514\/revisions\/1891"}],"wp:attachment":[{"href":"https:\/\/www.bibliotecadeverin.es\/index.php?rest_route=%2Fwp%2Fv2%2Fmedia&parent=514"}],"curies":[{"name":"wp","href":"https:\/\/api.w.org\/{rel}","templated":true}]}}